Determine t(5).
-19
Let l(u) = -2*u**2 + 36*u - 23. Calculate l(17).
11
Let a(q) = q**2 + 10*q + 2. Give a(-10).
2
Let k(a) = a**3 - 4*a - 1. What is k(0)?
-1
Let i(n) = -17*n**2 + n. Calculate i(1).
-16
Let j(y) = y**2 - 12*y - 6. What is j(7)?
-41
Let h(t) = 33*t**3 - 6*t**2 + 6*t + 1. Calculate h(1).
34
Let h(i) = -i**2 + i - 5. What is h(4)?
-17
Let v(i) = -i**2 + 16*i - 76. Determine v(9).
-13
Let d(l) = -5*l + 1. Give d(-3).
16
Let g(c) = -c**2 - 6*c - 4. Give g(-1).
1
Let b(v) = -v**3 + 18*v**2 - 34*v + 32. What is b(16)?
0
Let a(z) = -z**3 + z**2 + 31. Determine a(0).
31
Let v(n) = 58*n**2 - 58*n - 2. Determine v(1).
-2
Let x(q) = -q**3 - 2*q**2 + 10*q - 21. Determine x(-5).
4
Let z(n) = -n**2 + 5*n + 188. Calculate z(16).
12
Let l(j) = j**3 + 8*j**2 + 9. Calculate l(-8).
9
Let h(x) = -2*x - 1. Give h(3).
-7
Let d(p) = p + 7. Determine d(-3).
4
Let j(f) = 18*f**2 + 4*f - 4. Determine j(1).
18
Let s(r) = 2*r**2 - 29*r + 22. Give s(13).
-17
Let s(h) = h + 5. Determine s(15).
20
Let s(a) = a**3 + 4*a**2 + 2*a + 3. Give s(-2).
7
Let v(y) = y + 24. Give v(-14).
10
Let z(j) = -3*j - 119. Determine z(-44).
13
Let a(w) = -3*w**2 - w + 19. What is a(5)?
-61
Let g(c) = c + 7. Give g(-10).
-3
Let i(a) = 6*a - 9. Calculate i(4).
15
Let p(v) = 2*v - 4. Calculate p(-8).
-20
Let i(x) = -41*x + 1. What is i(1)?
-40
Let n(c) = 16*c - 31. What is n(6)?
65
Let m(p) = p**3 + 17*p**2 - 40*p + 18. What is m(-19)?
56
Let z(h) = -h**2 + 11*h + 20. Calculate z(13).
-6
Let j(q) = q**3 + 5*q**2 + 2*q - 7. What is j(-3)?
5
Let v(x) = -x**2 - 5*x + 10. Determine v(-6).
4
Let z(f) = -f**2 - 7*f + 5. Determine z(-7).
5
Let h(x) = x**2 - 13*x - 5. What is h(13)?
-5
Let k(t) = -t**3 + 13*t**2 - 9*t + 18. Give k(12).
54
Let g(s) = -10*s - 32. Determine g(-3).
-2
Let l(u) = u**3 - 10*u**2 + 8*u + 9. Give l(9).
0
Let n(f) = 2*f - 11. Give n(4).
-3
Let d(w) = -w**3 + 4*w + 5. Calculate d(-4).
53
Let m(c) = 3*c**2 + 16*c + 27. Determine m(-7).
62
Let s(k) = -2*k + 5. Determine s(6).
-7
Let a(k) = -2*k**2 + 17*k - 2. What is a(8)?
6
Let o(y) = -y**3 - 7*y**2 + y - 7. Determine o(-6).
-49
Let t(x) = -x**3 - 5*x**2 - 6*x - 19. Calculate t(-6).
53
Let i(d) = -3*d**2 - 2*d + 2. What is i(2)?
-14
Let n(w) = w + 5. Give n(-4).
1
Let y(w) = 7*w + 14. Give y(3).
35
Let d(s) = s**3 - 9*s**2 - 3*s + 5. Give d(9).
-22
Let a(h) = -h**3 + 7*h**2 + 44*h - 7. What is a(11)?
-7
Let n(p) = 11*p**3 - 23*p - 24. Determine n(-1).
-12
Let a(c) = -4*c**2 + 2*c + 3. Calculate a(-3).
-39
Let g(h) = -4*h - 65. Give g(-13).
-13
Let d(x) = x**3 - 6*x**2 - 2*x + 1. Give d(4).
-39
Let h(w) = -w**2 + 10*w - 21. What is h(4)?
3
Let r(k) = k + 26. Determine r(-40).
-14
Let l(b) = -16*b - 100. What is l(-6)?
-4
Let t(b) = b**2 + 19*b + 63. Determine t(-11).
-25
Let b(n) = -49*n**2 + 5*n + 5. Give b(-2).
-201
Let q(d) = -12*d - 22. Calculate q(-3).
14
Let z(d) = 2*d - 26. Calculate z(9).
-8
Let w(g) = 3*g**2 - 5*g - 4. Calculate w(4).
24
Let x(b) = -b**3 - 9*b**2 - 15*b - 1. Give x(-8).
55
Let g(w) = w**2 + 4*w + 1. Give g(-3).
-2
Let u(w) = -w**3 - 21*w - 47. Give u(-2).
3
Let d(p) = -8*p + 8. Give d(-5).
48
Let t(u) = -u**3 - 20*u**2 - 18*u + 24. What is t(-19)?
5
Let h(m) = m**2 + 16*m - 64. What is h(3)?
-7
Let x(t) = -t**2 + t + 4. Determine x(3).
-2
Let y(h) = -h**3 + 6*h**2 - 4*h - 1. Give y(4).
15
Let t(g) = 33*g**3 - g**2. Give t(-1).
-34
Let v(u) = -u**3 + 19*u**2 + 39*u + 5. Give v(21).
-58
Let p(y) = 2*y**3 + 13*y**2 + 8*y + 8. What is p(-6)?
-4
Let y(d) = -2*d**2 + d - 3. Determine y(-2).
-13
Let x(f) = 2*f - 7. Calculate x(5).
3
Let j(n) = 3*n**2 + 2*n - 8. Give j(2).
8
Let b(q) = 2*q**3 + q + 14. What is b(0)?
14
Let t(n) = 6*n**2 - 36*n + 46. Determine t(4).
-2
Let i(y) = y**3 - 3*y**2 - 11*y. What is i(5)?
-5
Let p(g) = -5*g - 27. What is p(-7)?
8
Let z(w) = w**3 - 11*w**2 + 6*w - 1. Give z(10).
-41
Let n(p) = 9*p - 2. Determine n(1).
7
Let u(y) = -y**2 - 18*y - 3. What is u(-18)?
-3
Let d(u) = 4*u + 15. Calculate d(7).
43
Let m(a) = 2*a - 7. Give m(3).
-1
Let c(w) = -17*w - 59. Calculate c(-3).
-8
Let c(g) = -g**2 + 21*g + 68. Calculate c(23).
22
Let n(u) = -2*u**2 - 42*u + 53. Determine n(-22).
9
Let k(i) = -i**3 + i**2 + 3*i. Calculate k(-3).
27
Let m(p) = p**3 + 4*p**2 - 5*p. Determine m(-5).
0
Let p(f) = -f**3 + 19*f**2 - 32*f - 12. What is p(17)?
22
Let n(h) = h**3 - 5*h**2 - 5*h - 7. Give n(5).
-32
Let p(m) = 41*m - 27. Give p(2).
55
Let w(q) = q**3 - 3*q**2 + q. Give w(1).
-1
Let y(o) = o**3 + 9*o**2 - 10*o + 5. Determine y(-10).
5
Let g(u) = -u**3 - u**2 + 4*u + 5. Calculate g(-2).
1
Let g(w) = 17*w + 36. Calculate g(-2).
2
Let q(v) = -v**3 - 16*v**2 - 15*v - 7. Calculate q(-15).
-7
Let m(t) = -t**2 + 9*t + 5. Determine m(8).
13
Let u(s) = 61*s - 310. What is u(5)?
-5
Let z(w) = w + 12. What is z(-11)?
1
Let j(k) = -4*k + 14. Calculate j(4).
-2
Let o(m) = 2*m - 13. Give o(6).
-1
Let u(g) = -g**3 + 11*g**2 + 23*g + 5. Calculate u(13).
-34
Let h(n) = -n - 5. What is h(-7)?
2
Let u(r) = r**2 - 6*r + 5. Determine u(3).
-4
Let m(w) = 14*w**2 - 7*w - 4. Give m(-1).
17
Let c(i) = -3*i + 70. Give c(24).
-2
Let w(a) = -a**3 - 28*a**2 + 30*a + 40. What is w(-29)?
11
Let s(n) = 2*n**2 + 39*n - 28. What is s(-20)?
-8
Let s(r) = 22*r + 4. Calculate s(-2).
-40
Let y(p) = 8*p**3 - 3*p**2 + 2*p - 1. Calculate y(2).
55
Let l(d) = -d**2 - 10*d - 13. Give l(-6).
11
Let q(v) = 2*v**2 + 32*v + 88. Determine q(-12).
-8
Let y(l) = -13*l**2 + 2*l + 9. Calculate y(-2).
-47
Let q(l) = l**3 + 5*l**2 + 5. Calculate q(-6).
-31
Let p(x) = x**3 + 14*x**2 + 23*x - 18. Calculate p(-12).
-6
Let o(x) = x**3 - 25*x**2 + x - 21. Calculate o(25).
4
Let l(w) = -18*w**3 - 2*w**2 + w + 2. Give l(-1).
17
Let l(n) = n**3 + 4*n**2 - 3*n + 1. What is l(-5)?
-9
Let p(r) = r**3 - 22*r**2 + 18*r - 41. What is p(21)?
-104
Let z(t) = -3*t + 23. Give z(9).
-4
Let d(s) = -s**3 + 7*s**2 - s - 7. Determine d(7).
-14
Let m(v) = -2*v**3 + 7*v**2 - 10*v + 8. Give m(4).
-48
Let l(r) = -7*r - 22. What is l(-3)?
-1
Let z(m) = 7*m**2 - m + 1. What is z(1)?
7
Let d(b) = 5*b + 86. What is d(-6)?
56
Let z(i) = -15*i**3 + i**2 + i + 1. Give z(-1).
16
Let p(o) = 5*o. Determine p(-1).
-5
Let h(o) = 151*o - 2422. Determine h(16).
-6
Let m(k) = k**3 - k**2 + 10*k - 5. What is m(0)?
-5
Let m(v) = -5*v + 46. Give m(-6).
76
Let n(t) = t**2 - 4*t - 12. Determine n(6).
0
Let q(l) = -l**2 - 5*l + 58. Calculate q(5).
8
Let d(y) = 2*y**2 + 13*y + 5. Determine d(-6).
-1
Let l(q) = -q**3 + 6*q**2 + 7*q - 12. What is l(7)?
-12
Let g(y) = y - 4. What is g(-3)?
-7
Let l(n) = -11*n**2 - 25*n + 3. Calculate l(-3).
-21
Let r(c) = -2*c**3 - c**2 + 2*c - 3. Calculate r(-3).
36
Let g(u) = 8*u + 292. Give g(-36).
4
Let d(x) = -25*x - 31. Give d(-2).
19
Let j(g) = -g + 25. Determine j(10).
15
Let b(a) = -27*a - 131. Determine b(-5).
4
Let f(l) = 2*l**2 - 13*l + 10. What is f(6)?
4
Let i(a) = 14*a - 1. What is i(1)?
13
Let j(r) = -r**3 - 16*r**2 + r - 23. Calculate j(-16).
-39
Let x(g) = 5*g**2 + 11*g. Give x(5).
180
Let s(z) = z**3 - 9*z**2 + 3*z + 6. Give s(9).
33
Let f(u) = u**3 + 6*u**2 - u - 6. What is f(-5)?
24
Let p(j) = -j**2 - 17*j - 33. Determine p(-15).
-3
Let g(i) = -2*i**2 + 3*i - 4. What is g(-4)?
-48
Let s(r) = r**2 - r - 5. Calculate s(5).
15
Let r(b) = -b**3 + 5*b**2 + 3*b - 13. What is r(6)?
-31
Let k(h) = -h**3 - h**2 + 2*h - 3. Calculate k(-3).
9
Let q(v) = v**2 + 33*v + 216. What is q(-24)?
0
Let q(p) = p**3 + 5*p**2 - 15*p + 3. Give q(-7).
10
Let v(j) = -j**3 - 7*j**2 - 5*j + 11. What is v(-6)?
5
Let j(q) = q**3 - 7*q**2 - 5*q - 8. Determine j(8).
16
Let z(v) = 6*v - 15. Calculate z(6).
21
Let s(o) = o - 7. Calculate s(7).
0
Let b(j) = -j**3 + 3*j**2 + 7*j + 1. Determine b(6).
-65
Let k(x) = x**2 - 20*x - 23. Give k(21).
-2
Let s(t) = 9*t + 27. Calculate s(-3).
0
Let j(f) = f**3 - 5*f**2 + 12*f - 107. Calculate j(6).
1
Let b(w) = w**3 - 7*w**2 - 12*w + 10. Determine b(8).
-22
Let u(z) = z**2 + 21*z + 21. Calculate u(-15).
-69
Let n(a) = 4*a + 6. Determine n(8).
38
Let c(j) = 9*j - 89. Give c(9).
-8
Let k(p) = p**3 + 8*p**2 + 25*p + 124. Determine k(-7).
-2
Let x(z) = -3*z**3 + 82*z**2 - 104*z + 8. What is x(26)?
8
Let l(f) = 12*f + 7. Determine l(-5).
-53
Let f(u) = u**3 - u**2 - 4*u + 2. Determine f(2).
-2
Let v(l) = 5*l + 7. Give v(6).
37
Let